{"id":48,"date":"2019-01-26T17:55:38","date_gmt":"2019-01-26T17:55:38","guid":{"rendered":"http:\/\/localhost\/esad\/?page_id=48"},"modified":"2022-04-11T14:41:37","modified_gmt":"2022-04-11T13:41:37","slug":"estudantes","status":"publish","type":"page","link":"https:\/\/www.ipleiria.pt\/esadcr\/estudantes\/","title":{"rendered":"Estudantes"},"content":{"rendered":"\n<div class=\"d-none\">\n<ul class=\"page_for_courses courses\">\n<li class=\"course\">\n        <a class=\"entry-link\" href=\"https:\/\/www.ipleiria.pt\/blog\/novos-estudantes-2020-2021-bem-vindos\/\" target=\"_blank\" rel=\"bookmark noopener noreferrer\">\n            <span class=\"block entry-thumbnail-wrapper\"><img class=\"block entry-thumbnail\" alt=\"\" src=\"https:\/\/www.ipleiria.pt\/esadcr\/wp-content\/uploads\/sites\/17\/2020\/09\/TIRA_benvindo-ao-politecnico-de-Leiria-copy.jpg   \"><\/span>\n            <span class=\"d-flex justify-content-center align-items-center entry-title-wrapper\">\n                <span class=\"block entry-title\">Bem-vindo ao Polit\u00e9cnico de Leiria<\/span>\n            <\/span>\n        <\/a> \n <\/li>\n<li class=\"course\">\n        <a class=\"entry-link\" href=\"https:\/\/www.ipleiria.pt\/estudantes\/\" target=\"_blank\" rel=\"bookmark noopener noreferrer\">\n            <span class=\"block entry-thumbnail-wrapper\"><img class=\"block entry-thumbnail\" alt=\"\" src=\"https:\/\/www.ipleiria.pt\/esadcr\/wp-content\/uploads\/sites\/17\/2019\/09\/ae.jpg\"><\/span>\n            <span class=\"d-flex justify-content-center align-items-center entry-title-wrapper\">\n                <span class=\"block entry-title\">Apoio aos Estudantes<\/span>\n            <\/span>\n        <\/a> \n <\/li><li class=\"course\">\n        <a class=\"entry-link\" href=\"https:\/\/www.ipleiria.pt\/esadcr\/estudantes\/estagios\/\" rel=\"bookmark\">\n            <span class=\"block entry-thumbnail-wrapper\"><img class=\"block entry-thumbnail\" alt=\"\" src=\"https:\/\/www.ipleiria.pt\/esadcr\/wp-content\/uploads\/sites\/17\/2019\/09\/estagios-1.jpg\"><\/span>\n            <span class=\"d-flex justify-content-center align-items-center entry-title-wrapper\">\n                <span class=\"block entry-title\">Est\u00e1gios<\/span>\n            <\/span>\n        <\/a>\n    <\/li>  \n    <li class=\"course\">\n        <a class=\"entry-link\" href=\"https:\/\/bolsaemprego.ipleiria.pt\/\" target=\"_blank\" rel=\"bookmark noopener noreferrer\">\n            <span class=\"block entry-thumbnail-wrapper\"><img class=\"block entry-thumbnail\" alt=\"\" src=\"https:\/\/www.ipleiria.pt\/esadcr\/wp-content\/uploads\/sites\/17\/2019\/09\/bolsa.jpg\"><\/span>\n            <span class=\"d-flex justify-content-center align-items-center entry-title-wrapper\">\n                <span class=\"block entry-title\">Bolsa de Emprego<\/span>\n            <\/span>\n        <\/a>\n    <\/li>\n    <li class=\"course\">\n        <a class=\"entry-link\" href=\"https:\/\/www.ipleiria.pt\/esadcr\/estudantes\/associacao-de-estudantes\/\" rel=\"bookmark\">\n            <span class=\"block entry-thumbnail-wrapper\"><img class=\"block entry-thumbnail\" alt=\"\" src=\"https:\/\/www.ipleiria.pt\/esadcr\/wp-content\/uploads\/sites\/17\/2019\/09\/ae.jpg\"><\/span>\n            <span class=\"d-flex justify-content-center align-items-center entry-title-wrapper\">\n                <span class=\"block entry-title\">Associa\u00e7\u00e3o de Estudantes<\/span>\n            <\/span>\n        <\/a>\n    <\/li>\n<li class=\"course\">\n        <a class=\"entry-link\" href=\"https:\/\/www.ipleiria.pt\/sdoc\/biblioteca-do-campus-3-esad-cr\/\" target=\"_blank\" rel=\"bookmark noopener noreferrer\">\n            <span class=\"block entry-thumbnail-wrapper\"><img class=\"block entry-thumbnail\" alt=\"\" src=\"https:\/\/www.ipleiria.pt\/esadcr\/wp-content\/uploads\/sites\/17\/2019\/10\/biblioteca.jpg\"><\/span>\n            <span class=\"d-flex justify-content-center align-items-center entry-title-wrapper\">\n                <span class=\"block entry-title\">Biblioteca<\/span>\n            <\/span>\n        <\/a>\n    <\/li>\n\n\n<\/ul>\n<\/div>\n","protected":false},"excerpt":{"rendered":"Bem-vindo ao Polit\u00e9cnico de Leiria Apoio aos Estudantes Est\u00e1gios Bolsa de Emprego Associa\u00e7\u00e3o de Estudantes Biblioteca","protected":false},"author":1,"featured_media":5306,"parent":0,"menu_order":30,"comment_status":"closed","ping_status":"closed","template":"themetemplates_esad-templates\/page-estudantes","meta":{"multilingual_post_translation":"{\"en-GB\":{\"url\":\"https:\/\/www.ipleiria.pt\/esadcr\/en\/students\/\",\"postID\":48,\"postTitle\":\"Students\",\"siteID\":22,\"customURL\":false,\"languageInfo\":{\"name\":\"English (UK)\",\"locale\":\"en_GB\"}}}","custompostfields_banners":"","custompostfields_post-association_course-gallery":[]},"_links":{"self":[{"href":"https:\/\/www.ipleiria.pt\/esadcr\/wp-json\/wp\/v2\/pages\/48"}],"collection":[{"href":"https:\/\/www.ipleiria.pt\/esadcr\/wp-json\/wp\/v2\/pages"}],"about":[{"href":"https:\/\/www.ipleiria.pt\/esadcr\/wp-json\/wp\/v2\/types\/page"}],"author":[{"embeddable":true,"href":"https:\/\/www.ipleiria.pt\/esadcr\/wp-json\/wp\/v2\/users\/1"}],"replies":[{"embeddable":true,"href":"https:\/\/www.ipleiria.pt\/esadcr\/wp-json\/wp\/v2\/comments?post=48"}],"version-history":[{"count":14,"href":"https:\/\/www.ipleiria.pt\/esadcr\/wp-json\/wp\/v2\/pages\/48\/revisions"}],"predecessor-version":[{"id":13960,"href":"https:\/\/www.ipleiria.pt\/esadcr\/wp-json\/wp\/v2\/pages\/48\/revisions\/13960"}],"wp:featuredmedia":[{"embeddable":true,"href":"https:\/\/www.ipleiria.pt\/esadcr\/wp-json\/wp\/v2\/media\/5306"}],"wp:attachment":[{"href":"https:\/\/www.ipleiria.pt\/esadcr\/wp-json\/wp\/v2\/media?parent=48"}],"curies":[{"name":"wp","href":"https:\/\/api.w.org\/{rel}","templated":true}]}}