{"id":1007,"date":"2023-06-16T08:17:49","date_gmt":"2023-06-16T08:17:49","guid":{"rendered":"https:\/\/www.ipleiria.pt\/innovativepractices\/?page_id=1007"},"modified":"2023-07-21T08:24:35","modified_gmt":"2023-07-21T08:24:35","slug":"3p","status":"publish","type":"page","link":"https:\/\/www.ipleiria.pt\/innovativepractices\/3p\/","title":{"rendered":"Evento 3p"},"content":{"rendered":"\n<div style=\"height:50px\" aria-hidden=\"true\" class=\"wp-block-spacer wp-embed-aspect-16-9 wp-has-aspect-ratio\"><\/div>\n\n\n\n<div class=\"wp-container-3 wp-block-columns\">\n<div class=\"wp-container-1 wp-block-column\">\n<figure class=\"wp-block-image size-full is-resized\"><img loading=\"lazy\" src=\"https:\/\/www.ipleiria.pt\/innovativepractices\/wp-content\/uploads\/sites\/34\/2023\/06\/site-15.jpg\" alt=\"\" class=\"wp-image-1236\" width=\"374\" height=\"478\" srcset=\"https:\/\/www.ipleiria.pt\/innovativepractices\/wp-content\/uploads\/sites\/34\/2023\/06\/site-15.jpg 498w, https:\/\/www.ipleiria.pt\/innovativepractices\/wp-content\/uploads\/sites\/34\/2023\/06\/site-15-235x300.jpg 235w\" sizes=\"(max-width: 374px) 100vw, 374px\" \/><\/figure>\n<\/div>\n\n\n\n<div class=\"wp-container-2 wp-block-column\">\n<figure class=\"wp-block-image size-full\"><img loading=\"lazy\" width=\"850\" height=\"637\" src=\"https:\/\/www.ipleiria.pt\/innovativepractices\/wp-content\/uploads\/sites\/34\/2023\/06\/site-16.jpg\" alt=\"\" class=\"wp-image-1237\" srcset=\"https:\/\/www.ipleiria.pt\/innovativepractices\/wp-content\/uploads\/sites\/34\/2023\/06\/site-16.jpg 850w, https:\/\/www.ipleiria.pt\/innovativepractices\/wp-content\/uploads\/sites\/34\/2023\/06\/site-16-300x225.jpg 300w, https:\/\/www.ipleiria.pt\/innovativepractices\/wp-content\/uploads\/sites\/34\/2023\/06\/site-16-768x576.jpg 768w\" sizes=\"(max-width: 850px) 100vw, 850px\" \/><\/figure>\n<\/div>\n<\/div>\n\n\n\n<div style=\"height:80px\" aria-hidden=\"true\" class=\"wp-block-spacer wp-embed-aspect-16-9 wp-has-aspect-ratio\"><\/div>\n\n\n\n<div id=\"gbc-d43014-0a\" class=\"wp-block-pt-ipleiria-ued-wp-theme-ipleiria-gutenbergblocks-container gbc gbc-view row-valign-top align-full\" style=\"background-color:#60269e;margin-top:0px\"><div class=\"gbc-background-overlay gbc-background-overlay-normal\" style=\"opacity:0.3\"><\/div><div class=\"gbc-wrapper\" style=\"padding-top:120px;padding-bottom:120px\"><div id=\"gbc-container-gbc-d43014-0a\" class=\"inner-container container\">\n<h2 class=\"has-text-align-center S4F_TITULOH2 has-white-color has-text-color\" style=\"font-size:40px\">11, 12 e 13 de julho de 2023<\/h2>\n\n\n\n<div style=\"height:30px\" aria-hidden=\"true\" class=\"wp-block-spacer\"><\/div>\n\n\n\n<p class=\"has-text-align-center has-text-color\" style=\"color:#fffefe\">O Polit\u00e9cnico de Leiria, em colabora\u00e7\u00e3o com a Unidade de Ensino a Dist\u00e2ncia e os Conselhos Pedag\u00f3gicos das suas escolas, organiza as VIII Jornadas Pedag\u00f3gicas \u201cPartilha de Pr\u00e1ticas Pedag\u00f3gicas\u201d. Estas Jornadas pretendem ser um espa\u00e7o de partilha, reflex\u00e3o e aprofundamento de tem\u00e1ticas ligadas \u00e0 inova\u00e7\u00e3o pedag\u00f3gica no Ensino Superior. No \u00e2mbito do projeto institucional Skills4Future:Innovative Practices ser\u00e3o tamb\u00e9m partilhados os projetos de inova\u00e7\u00e3o pedag\u00f3gica desenvolvidos no decorrer deste ano letivo.<\/p>\n\n\n\n<div class=\"wp-container-4 is-content-justification-center wp-block-buttons\"><\/div>\n<\/div><\/div><\/div>\n\n\n\n<div style=\"height:70px\" aria-hidden=\"true\" class=\"wp-block-spacer\"><\/div>\n\n\n\n<h2 class=\"S4F_BJ\">Programa<\/h2>\n\n\n\n<p class=\"has-text-color\" style=\"color:#5c2c85\"><strong>Provis\u00f3rio <\/strong><\/p>\n\n\n\n<div class=\"wp-container-8 wp-block-columns\">\n<div class=\"wp-container-5 wp-block-column\">\n<div style=\"height:30px\" aria-hidden=\"true\" class=\"wp-block-spacer\"><\/div>\n\n\n\n<div class=\"wp-block-pt-ipleiria-gutenberg-timeline schedule\"><div class=\"gbt-timeline-title-wrapper\"><div class=\"gbt-timeline-title tt-title\">Dia 11<br>presencial<\/div><\/div><ul class=\"gbt-timeline-content-wrapper\">\n<li><div class=\"gbt-timeline-event-title-wrapper\"><div class=\"gbt-timeline-event-title time-title\"><strong>9h:00<\/strong><\/div><\/div><div class=\"gbt-timeline-event-content-wrapper\">\n<p style=\"text-transform:uppercase\"><strong>Rece\u00e7\u00e3o<\/strong><\/p>\n\n\n\n<p>Audit\u00f3rio 1<\/p>\n<\/div><\/li>\n\n\n\n<li><div class=\"gbt-timeline-event-title-wrapper\"><div class=\"gbt-timeline-event-title time-title\"><strong>9h:30<\/strong><\/div><\/div><div class=\"gbt-timeline-event-content-wrapper\">\n<p style=\"text-transform:uppercase\"><strong>Sess\u00e3o de abertura<\/strong><\/p>\n\n\n\n<div style=\"height:15px\" aria-hidden=\"true\" class=\"wp-block-spacer\"><\/div>\n\n\n\n<p><strong>Gra\u00e7a Po\u00e7as Santos<\/strong><br>Vice-Presidente do Polit\u00e9cnico de Leiria<\/p>\n\n\n\n<div style=\"height:15px\" aria-hidden=\"true\" class=\"wp-block-spacer\"><\/div>\n\n\n\n<p><strong>Jo\u00e3o Santos<\/strong><br>Diretor da Escola Superior de Artes e Design, Caldas da Rainha<\/p>\n\n\n\n<div style=\"height:15px\" aria-hidden=\"true\" class=\"wp-block-spacer\"><\/div>\n\n\n\n<p><strong>Susana Reis <br><\/strong>Diretora da Unidade de Ensino a Dist\u00e2ncia<\/p>\n<\/div><\/li>\n\n\n\n<li><div class=\"gbt-timeline-event-title-wrapper\"><div class=\"gbt-timeline-event-title time-title\"><strong>10h:00 &#8211; 11h:30<\/strong><\/div><\/div><div class=\"gbt-timeline-event-content-wrapper\">\n<figure class=\"wp-block-image size-full\"><img loading=\"lazy\" width=\"121\" height=\"121\" src=\"https:\/\/www.ipleiria.pt\/innovativepractices\/wp-content\/uploads\/sites\/34\/2023\/06\/foto-04-1.png\" alt=\"Charlotte Axelsson\" class=\"wp-image-1153\"\/><\/figure>\n\n\n\n<p><strong>PLEN\u00c1RIA<\/strong><\/p>\n\n\n\n<p><strong>Unleashing the Potential of Digital Learning<\/strong><\/p>\n\n\n\n<div style=\"height:15px\" aria-hidden=\"true\" class=\"wp-block-spacer\"><\/div>\n\n\n\n<p>Charlotte Axelsson, Deputy Chair of the Education Promotion Coordination Committee at DIZH<\/p>\n\n\n\n<div style=\"height:15px\" aria-hidden=\"true\" class=\"wp-block-spacer\"><\/div>\n\n\n\n<p>&#8211;<br>Moderadora: Paula Cardoso<\/p>\n<\/div><\/li>\n<\/ul><\/div>\n\n\n\n<div class=\"wp-block-pt-ipleiria-gutenberg-timeline schedule  is-style-smaller-timeline\"><div class=\"gbt-timeline-title-wrapper\"><div class=\"gbt-timeline-title tt-title\">Coffee Break<br>11h:30 &#8211; 12h:00<\/div><\/div><ul class=\"gbt-timeline-content-wrapper\">\n<li><div class=\"gbt-timeline-event-title-wrapper\"><div class=\"gbt-timeline-event-title time-title\"><strong>12h:00 &#8211; 12:30<\/strong><\/div><\/div><div class=\"gbt-timeline-event-content-wrapper\">\n<p style=\"text-transform:uppercase\"><strong>Balan\u00e7o do projeto<\/strong><\/p>\n\n\n\n<div style=\"height:15px\" aria-hidden=\"true\" class=\"wp-block-spacer\"><\/div>\n\n\n\n<p><strong>Coordenadora do Projeto<\/strong><br>Gra\u00e7a Po\u00e7as Santos <\/p>\n\n\n\n<p><strong>Especialistas do Projeto<br><\/strong>Susana Reis <br>Marlene Rosa<br>Paula Cardoso <\/p>\n<\/div><\/li>\n<\/ul><\/div>\n\n\n\n<div class=\"wp-block-pt-ipleiria-gutenberg-timeline schedule  is-style-smaller-timeline\"><div class=\"gbt-timeline-title-wrapper\"><div class=\"gbt-timeline-title tt-title\">Almo\u00e7o<br>12h:30 &#8211; 14h:00<\/div><\/div><ul class=\"gbt-timeline-content-wrapper\">\n<li><div class=\"gbt-timeline-event-title-wrapper\"><div class=\"gbt-timeline-event-title time-title\"><strong>14h:00 &#8211; 18:00<\/strong><\/div><\/div><div class=\"gbt-timeline-event-content-wrapper\">\n<p style=\"text-transform:uppercase\"><strong>workshop<\/strong><\/p>\n\n\n\n<p><strong>Curricular design game: <\/strong><br><strong>B-Learning<\/strong><\/p>\n\n\n\n<div style=\"height:15px\" aria-hidden=\"true\" class=\"wp-block-spacer\"><\/div>\n\n\n\n<figure class=\"wp-block-image size-full\"><img loading=\"lazy\" width=\"121\" height=\"121\" src=\"https:\/\/www.ipleiria.pt\/innovativepractices\/wp-content\/uploads\/sites\/34\/2023\/06\/foto-02-1.png\" alt=\"Margreeth Themmen\" class=\"wp-image-1088\"\/><\/figure>\n\n\n\n<p>&#8211;<br>Margreeth Themmen, NHL Stenden<\/p>\n\n\n\n<figure class=\"wp-block-image size-full\"><img loading=\"lazy\" width=\"121\" height=\"121\" src=\"https:\/\/www.ipleiria.pt\/innovativepractices\/wp-content\/uploads\/sites\/34\/2023\/06\/foto-01.png\" alt=\"Patrick van Aalst\" class=\"wp-image-1089\"\/><\/figure>\n\n\n\n<p>&#8211;<br>Patrick van Aalst, NHL Stenden <\/p>\n<\/div><\/li>\n<\/ul><\/div>\n\n\n\n<div class=\"wp-block-pt-ipleiria-gutenberg-timeline schedule  is-style-smaller-timeline\"><div class=\"gbt-timeline-title-wrapper\"><div class=\"gbt-timeline-title tt-title\">Pausa Ativa<br>16:00<\/div><\/div><ul class=\"gbt-timeline-content-wrapper\">\n<li><div class=\"gbt-timeline-event-title-wrapper\"><div class=\"gbt-timeline-event-title time-title\"><strong> 18:00<\/strong><\/div><\/div><div class=\"gbt-timeline-event-content-wrapper\">\n<p style=\"text-transform:uppercase\"><strong>sunset brunch<\/strong><\/p>\n\n\n\n<p>Coffee Break<br><\/p>\n<\/div><\/li>\n<\/ul><\/div>\n<\/div>\n\n\n\n<div class=\"wp-container-6 wp-block-column\">\n<div style=\"height:30px\" aria-hidden=\"true\" class=\"wp-block-spacer\"><\/div>\n\n\n\n<div class=\"wp-block-pt-ipleiria-gutenberg-timeline schedule\"><div class=\"gbt-timeline-title-wrapper\"><div class=\"gbt-timeline-title tt-title\">Dia 12<br>presencial<\/div><\/div><ul class=\"gbt-timeline-content-wrapper\">\n<li><div class=\"gbt-timeline-event-title-wrapper\"><div class=\"gbt-timeline-event-title time-title\"><strong>9h:00 &#8211; 10h:30<\/strong><\/div><\/div><div class=\"gbt-timeline-event-content-wrapper\">\n<figure class=\"wp-block-image size-full\"><img loading=\"lazy\" width=\"121\" height=\"121\" src=\"https:\/\/www.ipleiria.pt\/innovativepractices\/wp-content\/uploads\/sites\/34\/2023\/06\/foto-07.png\" alt=\"Ant\u00f3nio Manuel Quintas \" class=\"wp-image-1232\"\/><\/figure>\n\n\n\n<p style=\"text-transform:uppercase\"><strong>PLEN\u00c1RIA<\/strong><\/p>\n\n\n\n<p><strong>Educa\u00e7\u00e3o a Dist\u00e2ncia Online: Narrativas, Di\u00e1logos, Intera\u00e7\u00f5es e Aprendizagens.<\/strong><br><\/p>\n\n\n\n<div style=\"height:15px\" aria-hidden=\"true\" class=\"wp-block-spacer\"><\/div>\n\n\n\n<p>Ant\u00f3nio Quintas Mendes, Universidade Aberta <\/p>\n\n\n\n<p>&#8211;<\/p>\n\n\n\n<p>Moderadora: Susana Reis<\/p>\n<\/div><\/li>\n<\/ul><\/div>\n\n\n\n<div class=\"wp-block-pt-ipleiria-gutenberg-timeline schedule  is-style-smaller-timeline\"><div class=\"gbt-timeline-title-wrapper\"><div class=\"gbt-timeline-title tt-title\">Pausa Ativa\/<br>Coffee Break<br>10h:30 &#8211; 11h:00<\/div><\/div><ul class=\"gbt-timeline-content-wrapper\">\n<li><div class=\"gbt-timeline-event-title-wrapper\"><div class=\"gbt-timeline-event-title time-title\"><strong>11h:00 &#8211; 12:30<\/strong><\/div><\/div><div class=\"gbt-timeline-event-content-wrapper\">\n<p style=\"text-transform:uppercase\"><strong>Mesa redonda<\/strong><\/p>\n\n\n\n<p><strong>Intelig\u00eancia artificial na educa\u00e7\u00e3o<\/strong><\/p>\n\n\n\n<div style=\"height:15px\" aria-hidden=\"true\" class=\"wp-block-spacer\"><\/div>\n\n\n\n<figure class=\"wp-block-image size-full\"><img loading=\"lazy\" width=\"121\" height=\"121\" src=\"https:\/\/www.ipleiria.pt\/innovativepractices\/wp-content\/uploads\/sites\/34\/2023\/06\/foto-06.png\" alt=\"Martinha Pereira\" class=\"wp-image-1227\"\/><\/figure>\n\n\n\n<p>Martinha Piteira, Instituto Polit\u00e9cnico de Set\u00fabal<\/p>\n\n\n\n<figure class=\"wp-block-image size-full\"><img loading=\"lazy\" width=\"121\" height=\"121\" src=\"https:\/\/www.ipleiria.pt\/innovativepractices\/wp-content\/uploads\/sites\/34\/2023\/06\/foto-05-1.png\" alt=\"Marco Bento\" class=\"wp-image-1155\"\/><\/figure>\n\n\n\n<p>Marco Bento, Instituto Polit\u00e9cnico de Coimbra&nbsp;<\/p>\n\n\n\n<figure class=\"wp-block-image size-full\"><img loading=\"lazy\" width=\"121\" height=\"121\" src=\"https:\/\/www.ipleiria.pt\/innovativepractices\/wp-content\/uploads\/sites\/34\/2023\/06\/foto-03.png\" alt=\"William Cantu\" class=\"wp-image-1091\"\/><\/figure>\n\n\n\n<p>William Cantu,  Polit\u00e9cnico de Leiria<\/p>\n\n\n\n<p>&#8211;<\/p>\n\n\n\n<p>Moderadora: <br>Marlene Rosa<\/p>\n<\/div><\/li>\n<\/ul><\/div>\n\n\n\n<div class=\"wp-block-pt-ipleiria-gutenberg-timeline schedule  is-style-smaller-timeline\"><div class=\"gbt-timeline-title-wrapper\"><div class=\"gbt-timeline-title tt-title\">Almo\u00e7o<br>12h:30 &#8211; 14h:00<\/div><\/div><ul class=\"gbt-timeline-content-wrapper\">\n<li><div class=\"gbt-timeline-event-title-wrapper\"><div class=\"gbt-timeline-event-title time-title\"><strong>14h:00 &#8211; 17:30<\/strong><\/div><\/div><div class=\"gbt-timeline-event-content-wrapper\">\n<p style=\"text-transform:uppercase\"><strong>Workshop<\/strong><\/p>\n\n\n\n<p><strong>Explorando Horizontes: Tend\u00eancias e Futuros da Educa\u00e7\u00e3o<\/strong><\/p>\n\n\n\n<div style=\"height:15px\" aria-hidden=\"true\" class=\"wp-block-spacer\"><\/div>\n\n\n\n<figure class=\"wp-block-image size-full\"><img loading=\"lazy\" width=\"121\" height=\"121\" src=\"https:\/\/www.ipleiria.pt\/innovativepractices\/wp-content\/uploads\/sites\/34\/2023\/06\/foto-03.png\" alt=\"William Cantu,\" class=\"wp-image-1091\"\/><\/figure>\n\n\n\n<p>&#8211;<\/p>\n\n\n\n<p>William Cantu,  Polit\u00e9cnico de Leiria<\/p>\n<\/div><\/li>\n<\/ul><\/div>\n<\/div>\n\n\n\n<div class=\"wp-container-7 wp-block-column\">\n<div style=\"height:30px\" aria-hidden=\"true\" class=\"wp-block-spacer\"><\/div>\n\n\n\n<div class=\"wp-block-pt-ipleiria-gutenberg-timeline schedule\"><div class=\"gbt-timeline-title-wrapper\"><div class=\"gbt-timeline-title tt-title\">Dia 13<br>online<\/div><\/div><ul class=\"gbt-timeline-content-wrapper\">\n<li><div class=\"gbt-timeline-event-title-wrapper\"><div class=\"gbt-timeline-event-title time-title\"><strong>9h:30 &#8211; 12h:30<\/strong><\/div><\/div><div class=\"gbt-timeline-event-content-wrapper\">\n<p style=\"text-transform:uppercase\"><strong>Partilha dos projetos de inova\u00e7\u00e3o pedag\u00f3gica<\/strong><\/p>\n\n\n\n<div style=\"height:10px\" aria-hidden=\"true\" class=\"wp-block-spacer\"><\/div>\n\n\n\n<div class=\"wp-block-file\"><a id=\"wp-block-file--media-1b11439d-7c7c-4c7e-b115-4cf60bd5d298\" href=\"https:\/\/www.ipleiria.pt\/innovativepractices\/wp-content\/uploads\/sites\/34\/2023\/07\/Programa_Partilha-de-Praticas.pdf\" target=\"_blank\" rel=\"noreferrer noopener\">Programa.pdf<\/a><\/div>\n<\/div><\/li>\n<\/ul><\/div>\n\n\n\n<div class=\"wp-block-pt-ipleiria-gutenberg-timeline schedule  is-style-smaller-timeline\"><div class=\"gbt-timeline-title-wrapper\"><div class=\"gbt-timeline-title tt-title\">Almo\u00e7o<br>12h:30 &#8211; 14h:00<\/div><\/div><ul class=\"gbt-timeline-content-wrapper\">\n<li><div class=\"gbt-timeline-event-title-wrapper\"><div class=\"gbt-timeline-event-title time-title\"><strong>14h:00 &#8211; 15:30<\/strong><\/div><\/div><div class=\"gbt-timeline-event-content-wrapper\">\n<p style=\"text-transform:uppercase\"><strong>Partilha dos projetos premiados<\/strong><\/p>\n\n\n\n<div style=\"height:15px\" aria-hidden=\"true\" class=\"wp-block-spacer\"><\/div>\n\n\n\n<p>2\u00aa Edi\u00e7\u00e3o do Concurso Incentivo a Projetos de Inova\u00e7\u00e3o Pedag\u00f3gica<\/p>\n\n\n\n<div style=\"height:10px\" aria-hidden=\"true\" class=\"wp-block-spacer\"><\/div>\n\n\n\n<div class=\"wp-block-file\"><a id=\"wp-block-file--media-45229148-bdea-41c5-aa6e-ed582f17bebc\" href=\"https:\/\/www.ipleiria.pt\/innovativepractices\/wp-content\/uploads\/sites\/34\/2023\/07\/programa_Partilha_Projetos_Premiados_2edicao-1.pdf\" target=\"_blank\" rel=\"noreferrer noopener\">Programa Projetos Premiados.pdf<\/a><\/div>\n\n\n\n<p>&#8211;<\/p>\n\n\n\n<p>Moderadora: <br>Gra\u00e7a Po\u00e7as Santos (Vice-Presidente)<\/p>\n<\/div><\/li>\n\n\n\n<li><div class=\"gbt-timeline-event-title-wrapper\"><div class=\"gbt-timeline-event-title time-title\"><strong>15h:45 &#8211; 16:45<\/strong><\/div><\/div><div class=\"gbt-timeline-event-content-wrapper\">\n<p style=\"text-transform:uppercase\"><strong>Mesa redonda<\/strong><\/p>\n\n\n\n<p><strong>Presidentes dos Conselhos Pedag\u00f3gicos<\/strong><\/p>\n\n\n\n<div style=\"height:15px\" aria-hidden=\"true\" class=\"wp-block-spacer\"><\/div>\n\n\n\n<ul><li>Hugo Menino<br>Presidente do Conselho Pedag\u00f3gico da ESECS<\/li><li>Susana Almeida<br>Presidente do Conselho Pedag\u00f3gico da ESTG<\/li><li>C\u00e9lia Ferreira<br>Presidente do Conselho Pedag\u00f3gico da ESAD.CR<\/li><li>Susana Bernardino<br>Presidente do Conselho Pedag\u00f3gico da ESTM<\/li><li>S\u00f3nia P\u00f3s de Mina<br>Presidente do Conselho Pedag\u00f3gico da ESSLei<br>_<br>Moderadora: Gra\u00e7a Po\u00e7as Santos (Vice-Presidente)<\/li><\/ul>\n<\/div><\/li>\n\n\n\n<li><div class=\"gbt-timeline-event-title-wrapper\"><div class=\"gbt-timeline-event-title time-title\"><strong>16:45<\/strong><\/div><\/div><div class=\"gbt-timeline-event-content-wrapper\">\n<p style=\"text-transform:uppercase\"><strong>encerramento<\/strong><\/p>\n\n\n\n<p>Susana Reis (Diretora da UED)<\/p>\n<\/div><\/li>\n<\/ul><\/div>\n<\/div>\n<\/div>\n\n\n\n<div style=\"height:80px\" aria-hidden=\"true\" class=\"wp-block-spacer\"><\/div>\n\n\n\n<div style=\"height:50px\" aria-hidden=\"true\" class=\"wp-block-spacer\"><\/div>\n\n\n\n<h3 class=\"has-text-align-center has-text-color has-large-font-size\" style=\"color:#60269e\"><strong>Local do evento&nbsp;<\/strong><\/h3>\n\n\n\n<p class=\"has-text-align-center\"><strong>ESCOLA SUPERIOR DE ARTES E DESIGN (CALDAS DA RAINHA)<br><\/strong>Campus 3<br>Rua Isidoro In\u00e1cio Alves de Carvalho<br>2500-321, Caldas da Rainha &#8211; Portugal<\/p>\n\n\n\n<div style=\"height:50px\" aria-hidden=\"true\" class=\"wp-block-spacer\"><\/div>\n\n\n\n<hr class=\"wp-block-separator has-alpha-channel-opacity is-style-wide\"\/>\n\n\n\n<div style=\"height:100px\" aria-hidden=\"true\" class=\"wp-block-spacer\"><\/div>\n\n\n\n<p class=\"has-text-align-center has-text-color\" style=\"color:#5c2c85\"><strong>INFORMA\u00c7\u00c3O SOBRE DADOS PESSOAIS E DIREITOS DE IMAGEM<\/strong><\/p>\n\n\n\n<p class=\"has-text-align-center\">Informamos que, sendo este um evento aberto ao p\u00fablico, poder\u00e3o ser recolhidas imagens que envolvam os participantes, individualmente ou em grupo, com vista a divulgar nas p\u00e1ginas eletr\u00f3nicas, redes sociais e \u00f3rg\u00e3os de comunica\u00e7\u00e3o social, para fins informativos, bem como para eventual utiliza\u00e7\u00e3o em finalidades cient\u00edficas e did\u00e1ticas, divulga\u00e7\u00e3o pela comunidade acad\u00e9mica, dentro do contexto escolar, e constitui\u00e7\u00e3o de arquivo do Polit\u00e9cnico de Leiria. Para mais informa\u00e7\u00f5es consulte a pol\u00edtica de privacidade em&nbsp;<a rel=\"noreferrer noopener\" href=\"https:\/\/www.ipleiria.pt\/politica-de-privacidade\/\" target=\"_blank\">www.ipleiria.pt<\/a>.<\/p>\n\n\n\n<div style=\"height:100px\" aria-hidden=\"true\" class=\"wp-block-spacer\"><\/div>\n\n\n\n<div style=\"height:50px\" aria-hidden=\"true\" class=\"wp-block-spacer\"><\/div>\n","protected":false},"excerpt":{"rendered":"Programa Provis\u00f3rio Local do evento&nbsp; ESCOLA SUPERIOR DE ARTES E DESIGN (CALDAS DA RAINHA)Campus 3Rua Isidoro In\u00e1cio Alves de Carvalho2500-321, Caldas da Rainha &#8211; Portugal INFORMA\u00c7\u00c3O SOBRE DADOS PESSOAIS E DIREITOS DE IMAGEM Informamos que, sendo este um evento aberto ao p\u00fablico, poder\u00e3o ser recolhidas imagens que envolvam os participantes, individualmente ou em grupo, com [&hellip;]","protected":false},"author":2,"featured_media":0,"parent":0,"menu_order":0,"comment_status":"closed","ping_status":"closed","template":"","meta":[],"_links":{"self":[{"href":"https:\/\/www.ipleiria.pt\/innovativepractices\/wp-json\/wp\/v2\/pages\/1007"}],"collection":[{"href":"https:\/\/www.ipleiria.pt\/innovativepractices\/wp-json\/wp\/v2\/pages"}],"about":[{"href":"https:\/\/www.ipleiria.pt\/innovativepractices\/wp-json\/wp\/v2\/types\/page"}],"author":[{"embeddable":true,"href":"https:\/\/www.ipleiria.pt\/innovativepractices\/wp-json\/wp\/v2\/users\/2"}],"replies":[{"embeddable":true,"href":"https:\/\/www.ipleiria.pt\/innovativepractices\/wp-json\/wp\/v2\/comments?post=1007"}],"version-history":[{"count":99,"href":"https:\/\/www.ipleiria.pt\/innovativepractices\/wp-json\/wp\/v2\/pages\/1007\/revisions"}],"predecessor-version":[{"id":1290,"href":"https:\/\/www.ipleiria.pt\/innovativepractices\/wp-json\/wp\/v2\/pages\/1007\/revisions\/1290"}],"wp:attachment":[{"href":"https:\/\/www.ipleiria.pt\/innovativepractices\/wp-json\/wp\/v2\/media?parent=1007"}],"curies":[{"name":"wp","href":"https:\/\/api.w.org\/{rel}","templated":true}]}}